, h + 76 = 2*s + 15. Suppose s = 2*q + 13. Calculate the remainder when ((-12)/(-15))/((-3)/(-90)) is divided by q.
6
Suppose 4*x = -2*i + 94, 3*x - i - 103 = -20. Calculate the remainder when 77 is divided by x.
25
Let p(a) be the second derivative of -a - a**2 + 1/6*a**3 + 0. What is the remainder when 4 is divided by p(4)?
0
Suppose -27 = 4*g - 7. Let j = g - -15. Let r = -7 + 25. What is the remainder when r is divided by j?
8
Let f(z) = -4 - 2 - 20*z + 3. What is the remainder when f(-2) is divided by 10?
7
Let n = 31 + -27. Calculate the remainder when 9 is divided by n.
1
Suppose -3*m - 3*v - 66 = -7*m, 5*m - v - 88 = 0. Calculate the remainder when m is divided by 5.
3
Let v(j) = -90*j**3 - j**2. What is the remainder when v(-1) is divided by 31?
27
Suppose -i = -g + i + 35, 3*i - 175 = -5*g. What is the remainder when g is divided by 12?
11
Suppose -7*j + 0*j + 1001 = 0. Calculate the remainder when j is divided by 36.
35
Suppose -z - 3*z = 0. Suppose 2*i = 5*i - 9, -5*m - 3*i + 54 = z. Calculate the remainder when 15 is divided by m.
6
Let h = 195 - 98. Calculate the remainder when h is divided by 25.
22
Let w(s) = -s**2 + 17*s - 22. What is the remainder when 19 is divided by w(15)?
3
Let f(j) = -j**2 - 9*j - 10. Let h be f(-8). Let d(a) = -2*a**3 - a**2 - 3*a - 3. Calculate the remainder when d(h) is divided by 6.
3
Let l(q) = q**2 - 6*q + 11. What is the remainder when l(9) is divided by 13?
12
Let w(z) = 29*z**2 - 2*z - 2. Calculate the remainder when 144 is divided by w(-1).
28
Let p = 41 - 30. Calculate the remainder when p is divided by 5.
1
Suppose -165 = -4*h + 5*b, 115 = 4*h + 4*b + b. Suppose -3*p + 8*p = h. Let s = 7 + p. Calculate the remainder when s is divided by 8.
6
Suppose -5*l + 3 = -32. What is the remainder when 8/(-2)*44/(-16) is divided by l?
4
Suppose 0 = 5*b - 2*r - 62, 0 = 3*b - r + 5*r - 58. Let v = b - 54. Calculate the remainder when 41 is divided by v/(-3) + 4/6.
13
Suppose -4*m + 424 = 4*l, -6*m - 5*l + 328 = -3*m. Calculate the remainder when m is divided by 35.
31
Let h be 3/(6/(-2))*39. Let v = -25 - h. Calculate the remainder when 28 - (-1 - 1 - -4) is divided by v.
12
Calculate the remainder when 57 is divided by ((-2)/5)/(8/(-240)).
9
Let y = -28 + 49. Calculate the remainder when 82 is divided by y.
19
Let c(d) = -d**2 - d + 4. Let k be c(-3). Let r be 640/36 + k/(-9). What is the remainder when 22 is divided by ((-2)/1)/((-3)/r)?
10
Suppose -98 = -4*z + 2*l, 3*z = -0*l + 4*l + 86. Calculate the remainder when 64 is divided by z.
20
Let d(l) = 2*l**2 - 7*l - 4. Calculate the remainder when 101 is divided by d(6).
23
Calculate the remainder when 187/6 + (-4)/24 is divided by 8.
7
Let m(r) = -39*r**3 - r**2. What is the remainder when m(-1) is divided by 10?
8
Suppose 0 = 12*p - 7*p. Suppose p = -3*w - t + 82, 5*t + 28 = 3. What is the remainder when w is divided by 15?
14
Suppose r + 252 = -3*r. Let g = r + 88. Suppose x + 5 - 2 = 0, 2*h - 12 = -2*x. What is the remainder when g is divided by h?
7
Suppose -2*a + 5*p - 17 = 0, 0 = 3*a - p - p - 2. Calculate the remainder when 10 is divided by a.
2
Suppose 37*b = 34*b + 177. Let g = -2 - -2. Suppose g = 4*v + h - 16 - 66, 84 = 4*v + 2*h. Calculate the remainder when b is divided by v.
19
Suppose -22*h + 12 = -19*h. Suppose -56 = -2*a + h*f + 6, a - 3*f = 30. What is the remainder when a is divided by 9?
6
Let d(q) = -32*q - 3. Let u be d(-2). Suppose g - 143 = u. Calculate the remainder when 53 is divided by 2/5 - g/(-15).
11
Let q(j) = j**3 - 9*j**2 + 6*j - 7. Let a be q(8). Let o = a - -13. Let f = o + 18. What is the remainder when 14 is divided by f?
6
Let k = -15 - -44. Calculate the remainder when k is divided by 12.
5
Let k be -1 + -2 - (-3 - 9 - -3). Let o(i) = 6*i + 3. Let a be o(-4). What is the remainder when 37 is divided by (-279)/(-21) + k/a?
11
Let j = 0 - 2. Let l be j/(2/(-4)*1). Suppose -l*x = -3*x - 3. What is the remainder when 5 is divided by x?
2
Suppose -60 = -5*j - 5*i, 3*j - j - i = 39. Suppose b + 4*s + j = 0, 2*b - 4*s = s + 31. Suppose -b*c = -1 - 8. What is the remainder when 5 is divided by c?
2
Suppose 123 = 2*d + 3*h, -2*h - 2*h - 210 = -3*d. Let t = d - 40. Suppose 0*y = y - 2*i - 16, 0 = -2*y + i + t. What is the remainder when 23 is divided by y?
11
Let x(l) = l + 1. Let g be x(1). Suppose -r + 4*r = -12, 136 = g*m + 3*r. Suppose -112*a = -102*a - 250. What is the remainder when m is divided by a?
24
Let k(f) = -f**3 + 11*f**2 - 11*f + 5. Let u be k(7). Let b = -78 + u. Calculate the remainder when b is divided by 12.
10
Let y(z) = z**3 + 8*z**2 - 11*z - 3. Calculate the remainder when 55 is divided by y(-9).
10
Let v(f) = 3*f**2 - 3*f. Let y(k) = -k**2 - k + 1. Let w(j) = -v(j) - 2*y(j). Calculate the remainder when 4 is divided by w(4).
0
Let g = -3 - -12. Calculate the remainder when 31 is divided by g.
4
Let l = -38 - -54. Calculate the remainder when l is divided by 1/(-2) + 13/2.
4
Let f = -3 - -3. Let n be f/((2/2)/1). Suppose n = -3*p + 27. Calculate the remainder when p is divided by 5.
4
What is the remainder when (1 + 1)/(12/534) is divided by 30?
29
Let u(j) = -j**2 + 5. Let b be u(-5). What is the remainder when 6 is divided by (-22)/(-5) - (-8)/b?
2
Suppose 82 + 62 = 6*q. Let j = -48 - -143. Calculate the remainder when j is divided by q.
23
Let h(d) = 5*d**2 + d + 2. Let s be h(2). Let m = s + -11. Calculate the remainder when 37 is divided by m.
11
Suppose -2*c - 2 = -12. Suppose 0 = -4*v + 3*n + 49, 5*v - 45 = 2*v + c*n. Suppose -l + 10 + 8 = 0. What is the remainder when l is divided by v?
8
Let i(c) = -14*c + 2. Let a(h) = 13*h - 1. Let x(p) = -7*a(p) - 6*i(p). Let s(j) = 11*j**2 + 1. Calculate the remainder when x(-4) is divided by s(-1).
11
Let o(n) = 7*n - 2. What is the remainder when 46 is divided by o(2)?
10
Let q = 8 + 4. What is the remainder when 57 is divided by q?
9
Let c(p) = -p**3 + 10*p**2 - 5*p - 1. Calculate the remainder when c(4) is divided by 38.
37
Let g = 13 - 9. Suppose g*z + 3*u = 52, 2*z + u - 4 = 5*u. Let i = 6 + 22. What is the remainder when i is divided by z?
8
Let o be ((-6)/15)/(5/(-225)). Let i = -10 + o. Calculate the remainder when 23 is divided by 2/(-1)*(-52)/i.
10
Let q(o) = 2 - 1 + 10*o - 6*o. What is the remainder when q(5) is divided by 12?
9
Let l be (11/(-3))/((-2)/(-36)). Let x = l + 101. Suppose -4*w + 3*y + 48 = 0, -y = -5*w + 4*y + 60. Calculate the remainder when x is divided by w.
11
Let a(n) = n**2 - 13*n - 18. What is the remainder when a(16) is divided by 8?
6
Let q(x) = -x**3 - 9*x**2 - 3*x + 7. Calculate the remainder when q(-9) is divided by 12.
10
Suppose 4*f + 0 = 12. Suppose f*u + 2 = 26. Calculate the remainder when u is divided by 5.
3
Suppose -4*o = 4*p + 4, -4 = -p - 5*o + 11. Let n(h) = -h**2 - 5*h + 9. What is the remainder when 25 is divided by n(p)?
7
Let v(k) = -9*k - 2. Calculate the remainder when 8 is divided by v(-1).
1
Let y(d) = -3*d**2 + 9*d - 5 - d**2 + 1 - d**3 - d**2. Calculate the remainder when y(-7) is divided by 11.
9
Suppose 2*f = -3*f + 10. Suppose 3*r - 2*v - 13 = 9, 0 = -r + 4*v + 4. Suppose -f*j + 82 = r. What is the remainder when j is divided by 13?
11
Suppose 2*r + 76 - 272 = 0. Let f = -67 + r. Let z(i) = 5*i - 4. What is the remainder when f is divided by z(3)?
9
Let c = 6 + -4. Suppose 7 = -q + c*q. Let m(s) = s**3 - 8*s**2 + 7*s + 4. What is the remainder when 7 is divided by m(q)?
3
Let f = 127 + -62. What is the remainder when f is divided by 17?
14
Let l = 311 - 292. Suppose -4 = 4*m - 24. What is the remainder when l is divided by m?
4
What is the remainder when (-204)/(-9)*(7 + -4) is divided by 14?
12
Let k = -4 + 8. Let i(g) = -g**2 - 8*g - 4. What is the remainder when k is divided by i(-7)?
1
Suppose -15 = -3*d + 27. Let g = -2 + 29. What is the remainder when g is divided by d?
13
Suppose p - 3 = 5. Suppose 0 = 3*s - p*s - 5. Calculate the remainder when 34 is divided by s + (0 - 1) + 14.
10
Suppose 6 + 12 = -2*v. Calculate the remainder when 4/(-6) + (-339)/v is divided by 10.
7
Suppose -44 = 3*m - y, -4*m + 11 = 2*y + 63. Let z = m - -28. Suppose -4*v - 20 = 0, -2*i = 2*i - 5*v - 189. What is the remainder when i is divided by z?
13
Let d = 0 + 0. Let l = 2 - d. Suppose 0 = -2*k + 5*p + 19,